3 + 5*b**2 - 3*b + 5. Let v(u) = -u**2 + 2*u + 2. Let w be v(-2). Let o be w/4*(-60)/(-18). What is the tens digit of g(o)?
2
Let q = 143 + -335. Let i = 108 - q. What is the units digit of i?
0
Suppose -31 = -2*q - 13. Suppose 4*a = 7 + q. Suppose -v + a*u + 32 = -74, 0 = 4*v - 4*u - 460. What is the hundreds digit of v?
1
Suppose 2*r = -w + 7028, -441*w + 3*r + 21111 = -438*w. What is the hundreds digit of w?
0
Let a be 69/(-24) + 3 + (-1)/8. Suppose 4*k - 499 + 71 = a. Suppose 3*x = x + b + 83, -k = -3*x + 5*b. What is the units digit of x?
4
Suppose b + 14*b - 19487 = 364993. What is the tens digit of b?
3
Let d(p) = -129*p + 69. Let a be d(-10). Suppose u = 5*f - a, 0*f - 5*u - 291 = -f. What is the units digit of f?
1
Let f(m) = 2970*m - 528. What is the thousands digit of f(2)?
5
Let q(a) = -1036*a + 942. What is the units digit of q(-8)?
0
Suppose 3*n + y - 21 = -n, 5*n = -3*y + 21. Let x be 3/n*74/1. Suppose -4*z = -3*z - x. What is the tens digit of z?
3
Let s(a) = 74*a**2 + 8*a - 4. What is the units digit of s(-7)?
6
Suppose 12 = 3*v, -2*g - 4 - 12 = -5*v. Suppose 2 = -g*o - 5*a, -5*a + 0 = -2*o + 18. What is the units digit of o?
4
Let i(z) be the third derivative of -z**6/60 - z**5/12 + z**4/12 + z**3/3 + 14*z**2. Let v be i(-5). Suppose -1047 = -5*g - v. What is the units digit of g?
6
Suppose -38991 - 7353 = -12*a. What is the hundreds digit of a?
8
Let y be (-10)/(-4)*(-71 - -7). Let b be (3 - 7) + 9*-8. Let k = b - y. What is the units digit of k?
4
Suppose 4*g = g - 4*x - 137, 3*g - 3*x + 165 = 0. Let w be (1 - 3) + 2*g. What is the tens digit of 23 - w - (-2 + 0)?
2
What is the tens digit of 1113/(-7)*((-70)/15 + -1)?
0
Suppose -51*n + 53*n - 34 = 0. Suppose -2296 = n*b - 8637. What is the hundreds digit of b?
3
Let k(t) = t**3 + 21*t**2 + 38*t + 2. Let z be k(-19). Suppose z*o = c - 4*c + 846, -4*o + 5*c + 1736 = 0. What is the hundreds digit of o?
4
Suppose -167046 = -200*d + 134*d. What is the hundreds digit of d?
5
Suppose 6 = 3*y + 27. Let w be y/(-2) + (-18)/12. Suppose u - 39 = w*d, 3*u + 6*d - 81 = 3*d. What is the units digit of u?
1
Suppose 3*w - 16 = -5*v + 16, -4*v = w - 27. Suppose 0 = -v*m + 4*m + 255. What is the tens digit of m - (-1 + 6 + -4 - 4)?
8
Suppose -10*l - 13*l = 43*l - 3467772. What is the thousands digit of l?
2
Let h = 89591 - 44482. What is the hundreds digit of h?
1
Let r be (11 - 10) + (-4 - 0 - -1). Let c(j) = -134*j + 19. What is the hundreds digit of c(r)?
2
Let l = 702 + -368. Let o = -1470 - l. What is the units digit of o/(-10) + 14/(-35)?
0
Let h(s) = 105*s**2 - 63*s - 670. What is the hundreds digit of h(-9)?
4
What is the tens digit of (-402)/(76/1144 - 44/242)?
8
Let v = -28 - -31. Suppose -2*j = -v*j - 1, -j - 495 = -q. What is the units digit of q?
4
Let w(g) = g**3 + 4*g**2 - 7*g + 12. Let a be 7/(-21)*6 - (1 - 8). Suppose 3*m + m = -u - 19, 0 = 5*m - a*u + 30. What is the tens digit of w(m)?
2
Let n = 149 - 149. Suppose 5*v - 5*x - 1015 = 0, -5*v + 0*v - 4*x + 1042 = n. What is the tens digit of v?
0
Let q = 21746 - 9618. What is the units digit of q?
8
Let v = 399 + -397. Suppose 0 = -5*h - 2*f + 8276 - 2606, 2*f + 2268 = v*h. What is the tens digit of h?
3
Let r = 8487 + 10510. What is the units digit of r?
7
Let v be ((-3)/9)/(3/(-207)). Let a = -17 + v. Suppose a = 2*r - 40. What is the units digit of r?
3
Let c(y) = 67*y**2 + 2251*y + 44. What is the thousands digit of c(-43)?
7
Suppose 0 = -5*i + h + 16, -5*i + 19 + 5 = h. Suppose 0*f - 5*f + 1197 = 3*k, -2*k + i*f = -776. What is the hundreds digit of k?
3
Suppose -4*h = 5*a + 462, -4*a - 67*h + 66*h - 363 = 0. What is the tens digit of a/27*-2*(-42)/(-5)?
5
What is the units digit of (-1 - 7 - -1038) + 15?
5
Let g = 24 - 22. Suppose -4*y + y = 5*l - 3228, 2*l = -g*y + 1288. Suppose 0*r = -8*r + l. What is the tens digit of r?
8
Suppose -8870 = 7*n + 3128. What is the hundreds digit of -8 + 13 + (2 - n/2)?
8
Let c(f) = f + 4. Suppose 2*d = -4*a - 16, d + 12 = 4*a - 4*d. Let u be c(a). Suppose 4*j + u = 2*w, 9*j - 7*j - 4*w + 16 = 0. What is the units digit of j?
2
Let n = 38 + -29. Suppose 67 = -n*d - 68. Let l = 46 - d. What is the tens digit of l?
6
Suppose -146*k = -171*k + 164750. What is the units digit of k?
0
Suppose -4*r + 529 = -3*m, -m = -2*r + 5*r - 413. What is the tens digit of r/(-16) + 9 - (-1409)/2?
0
Suppose 78 = 7*d - 5*d - 2*o, 0 = 5*d + 2*o - 174. What is the tens digit of 2799/d + (-1)/(-4)?
7
Let f = -142 - -133. What is the units digit of 3/f - 2176/(-12)?
1
Let q be ((-56)/(-24) - 2)/((-1)/(-132)). What is the units digit of (-13 - -17) + q*5?
4
Suppose 5*s - 212716 + 69471 = -4*w, -s + 71627 = 2*w. What is the hundreds digit of w?
8
Suppose 2198 = -7*n + 27468. Let b = -2278 + n. What is the hundreds digit of b?
3
Suppose -15*w + 19*w = 11185 + 1483. What is the hundreds digit of w?
1
Let y = 14 - -661. Suppose 0 = -35*g + 32*g + y. What is the units digit of g?
5
What is the units digit of (1860 + (-175)/(-25))/(3/54)?
6
Let f = 13 - 0. Let m = 20 - f. Suppose -6*u = -m*u + 96. What is the tens digit of u?
9
Suppose k + 5731 = 20*x - 17*x, 7628 = 4*x + 2*k. Let o = x + -850. What is the tens digit of o?
5
Let p(z) = z**3 - z**2 - 2*z + 5. Let x be p(0). Suppose -x*j + 1219 = i, -3*i - 1 = -13. What is the units digit of j?
3
Let t be 48/(-9) - (-8)/(-12). Let i(a) = a**2 + 5*a - 5. Let y be i(t). Suppose f = -y, -f + 0*f + 167 = 3*q. What is the tens digit of q?
5
Let w(d) = 94*d - 47. Let l(y) = 95*y - 48. Let r(a) = -2*l(a) + 3*w(a). Let x be r(9). Let j = x + -547. What is the units digit of j?
6
Let q(n) = n**2 + 8*n - 16. Let h be q(-10). Let j be (6 + -1 + 3)/(2 - h). What is the hundreds digit of (-798)/j + -4 + (-14)/(-4)?
1
Let f = 50 + -22. Suppose 5*r = -l - 4 + f, 2*r + 5*l = 28. What is the units digit of 3 + -4 - 0 - (1 - r)?
2
Let k = 11 + -17. Let i be 4/k*(15 - 3). What is the tens digit of (i/(-28))/((-2)/(-322))?
4
Suppose 0 = 49*n - 116*n - 130964 + 910509. What is the hundreds digit of n?
6
Let i(w) = w**3 + w**2 + w + 850. Let f be i(0). Suppose q = 6*q - f. Suppose 2*a = -2*d + q, 5*d = -4*a + 5*a - 103. What is the units digit of a?
8
Suppose -48656 = 8*h - 9*h + 2*o, -6*h = -3*o - 291864. What is the ten thousands digit of h?
4
Suppose -3*q - 11 = -g, q - 2*g + 3*g = 3. Let t(n) be the first derivative of -5*n**2/2 + 4*n + 7. What is the units digit of t(q)?
4
Suppose -4*x + 69308 = -4*i, -2*x = -3*x - 4*i + 17337. What is the tens digit of x?
2
Let q(r) = r**3 - 5*r**2 - 3*r - 5. Let a be q(7). Let c(n) = -5*n + 1. Let t be c(1). Let i = a + t. What is the tens digit of i?
6
Let t(c) = 6*c**3 - 7*c**2 + 6*c - 23. Let y be t(6). Suppose 23*o - 21619 = -y. What is the tens digit of o?
9
Suppose 199 = -3*l - v, 0*v = l + v + 67. Let p be 5 + -2 + 0 + (-3330)/(-37). Let k = p + l. What is the tens digit of k?
2
Suppose -3*f - 3*f = -24. Let r = f + 19. Let d = r - -68. What is the units digit of d?
1
Let m be -423 - ((-3)/2 - -1)*-6. Let p = 612 + m. What is the units digit of p?
6
Let m = 212 + 249. Suppose n + 5*q = 3*n - m, 3*n + 4*q = 726. What is the units digit of n?
8
Let v(h) be the second derivative of h**3/3 + 3*h**2 + 24*h. Suppose 16 = 2*c - 18. What is the units digit of v(c)?
0
Suppose -16*g + 144715 = 5*i - 12*g, 202601 = 7*i + 3*g. What is the thousands digit of i?
8
Let b(r) = 5*r**2 + 34*r - 225. What is the units digit of b(20)?
5
Let o(w) = 4*w**2 - 4*w - 186. Suppose 320 = -72*u + 92*u. What is the tens digit of o(u)?
7
Let u(y) = 26*y - 85. Let v be u(3). What is the tens digit of 62/(-8) - v - 1603/(-4)?
0
Suppose -2*g - 2*g + 4*d - 12 = 0, -3*d + 13 = -g. Let m = -200 + 191. What is the units digit of 44/g*(2 - m/(-6))?
1
Let p = 5384 - -277. What is the thousands digit of p?
5
Let w be (-7)/((-14)/(-32))*25/(-100). Suppose -1336 = -w*r - m + 1269, -2*r - 5*m = -1325. What is the hundreds digit of r?
6
Let l(w) = 28*w**2 + 38*w - 127. Let r be l(-32). Suppose -31*o + 27696 = -r. What is the units digit of o?
5
Suppose p + 1 = 0, -g - p - 528 = -0*g. Let f = 867 + g. What is the tens digit of f?
4
What is the tens digit of ((-2)/3)/((-474)/23285961)?
5
Let j = 1327 + -1309. Let m be (2 + 7/(-3))*-15. Let n = j + m. What is the tens digit of n?
2
S